{"id":743,"date":"2024-01-25T07:54:07","date_gmt":"2024-01-25T06:54:07","guid":{"rendered":"https:\/\/h-machining.be\/shop\/produit\/filtre-a-air-securite-30\/"},"modified":"2024-01-28T10:54:47","modified_gmt":"2024-01-28T09:54:47","slug":"filtre-a-air-securite-30","status":"publish","type":"product","link":"https:\/\/h-machining.be\/shop\/produit\/filtre-a-air-securite-30\/","title":{"rendered":"Filtre \u00e0 air s\u00e9curit\u00e9"},"content":{"rendered":"","protected":false},"excerpt":{"rendered":"","protected":false},"featured_media":0,"template":"","meta":[],"product_brand":[],"product_cat":[39],"product_tag":[],"class_list":{"0":"post-743","1":"product","2":"type-product","3":"status-publish","5":"product_cat-filtres-donaldson","7":"first","8":"instock","9":"taxable","10":"shipping-taxable","11":"purchasable","12":"product-type-simple"},"_links":{"self":[{"href":"https:\/\/h-machining.be\/shop\/wp-json\/wp\/v2\/product\/743","targetHints":{"allow":["GET"]}}],"collection":[{"href":"https:\/\/h-machining.be\/shop\/wp-json\/wp\/v2\/product"}],"about":[{"href":"https:\/\/h-machining.be\/shop\/wp-json\/wp\/v2\/types\/product"}],"wp:attachment":[{"href":"https:\/\/h-machining.be\/shop\/wp-json\/wp\/v2\/media?parent=743"}],"wp:term":[{"taxonomy":"product_brand","embeddable":true,"href":"https:\/\/h-machining.be\/shop\/wp-json\/wp\/v2\/product_brand?post=743"},{"taxonomy":"product_cat","embeddable":true,"href":"https:\/\/h-machining.be\/shop\/wp-json\/wp\/v2\/product_cat?post=743"},{"taxonomy":"product_tag","embeddable":true,"href":"https:\/\/h-machining.be\/shop\/wp-json\/wp\/v2\/product_tag?post=743"}],"curies":[{"name":"wp","href":"https:\/\/api.w.org\/{rel}","templated":true}]}}